a. Is u(32) a composite number?
True
Let d be (6/4)/(81/108). Suppose 4*m + 4*a + 33 + 11 = 0, -34 = d*m + 5*a. Is 2/m + (-637581)/(-147) prime?
True
Let h(y) = -y**3 - 6*y**2 - 8*y - 10. Let a be h(-4). Let t be a/14 - -1 - 296540/(-28). Suppose -6*w + 1727 + t = 0. Is w a prime number?
True
Let u = 21450 - -33453. Is u a prime number?
False
Let a be 5/(-5) - (-1 + -18). Suppose -2*l = 4*z - a, -5*z + 21 = -l + 3*l. Suppose -l*b = -11541 - 1674. Is b a prime number?
False
Let h be 174 + 0 + 0 + -2. Suppose j - 3*s - 261 = 0, -5*s + 709 = 4*j - 250. Let m = j - h. Is m prime?
False
Let s be (-4)/6 + (-20)/(-12). Let q be s + 780 - (-4)/(-1). Suppose 7*y = 4*y + q. Is y a composite number?
True
Suppose -5*g - 4*f = -665333, -2*f - 185311 - 80797 = -2*g. Is g a prime number?
False
Suppose -18*q + 17*q + 41 = 0. Let z(x) = 149*x + 18. Is z(q) a composite number?
True
Suppose 106482 = 2*c + 5*w, 5*w = -5*c + 192096 + 74079. Is c prime?
True
Suppose 4*q - 6 = 2*q. Let h be (-2)/q*(-10878)/7. Suppose -2*i + 458 = f - h, i - 725 = 5*f. Is i prime?
False
Let g be ((-4)/(-12))/((-1)/(-12)). Let c(v) = -85*v + 47. Let o be c(-13). Is g + o/3 + 1 a composite number?
False
Let h = 5522 + 696. Is h a composite number?
True
Let f(w) = -7225*w + 58. Suppose 0 = m + k, -1 = 2*m - 0*m + k. Is f(m) prime?
True
Let y be 10/(-8)*(-72 + 8). Suppose 49304 = 88*o - y*o. Is o a composite number?
False
Is -169348*(-31)/155 + 3/(-5) a prime number?
False
Suppose 8*r = 21 - 5. Suppose r*x - 3*x = -1361. Is x a composite number?
False
Let q(t) = 3171*t**2 - 78*t - 1012. Is q(-17) a prime number?
True
Let b(y) = 65*y**2 + 117*y + 1145. Is b(-11) a prime number?
True
Suppose 14*i + 27162 - 83190 = 0. Suppose -6905 - i = -13*a. Is a prime?
True
Let g be (-42)/12*-1*-218. Let d = 1386 - g. Is d a composite number?
True
Let v be (0 + 2)/((-4)/1398). Let u = v - -1090. Suppose u = b - 5*c, 3*b = 6*b - c - 1145. Is b a composite number?
True
Suppose 0 = -11*r + 6*r - 2405. Let l = -188 - r. Suppose -3*p = -4*p + l. Is p a prime number?
True
Let n = 107055 - 12122. Is n a composite number?
False
Let t(s) = -36418*s - 11005. Is t(-12) a prime number?
True
Let v = -56 - -52. Let g be v/10 - (-64)/10. Suppose g*z = -66 + 276. Is z composite?
True
Let j(l) be the first derivative of 79*l**4/4 + l**3/3 - 3*l**2/2 + l + 27. Let k be (0 + 5)*((-2)/(-5) - 0). Is j(k) composite?
False
Let p = 70379 - 1878. Is p a prime number?
True
Let g(h) = h**3 - 15*h**2 + 84*h - 735. Is g(52) a prime number?
True
Let g be (-365 - 0)/(65/(-26)). Let i = 305 + g. Is i composite?
True
Let b(z) = -543*z**2 - 25*z + 43. Let w(p) = 1629*p**2 + 74*p - 131. Let d(v) = 8*b(v) + 3*w(v). Is d(2) a prime number?
False
Let k = 682 - 599. Let i = k + 3306. Is i composite?
False
Suppose 0 = 280*v - 34*v - 20110746. Is v a prime number?
False
Suppose 0 = -39*k + 13*k + 208. Suppose -s = -5*y - 6252, -4*s = -k*s + 5*y + 24993. Is s composite?
False
Let q be 8/36 + 25/9 - 706. Is (q/(-38))/(535/178 - 3) prime?
False
Let b be 15 + (1 - 2)*2. Suppose -b*r + 3*r = -410. Let n = r + -26. Is n a composite number?
True
Suppose -4*v + 11114808 = 4*m, m - v - 927413 = 1851279. Is m a composite number?
False
Suppose 8*y + s - 630987 - 22521 = 0, -y + 4*s + 81705 = 0. Is y composite?
False
Suppose 263*z - 265*z + 3*w + 104984 = 0, -262487 = -5*z + 3*w. Is z a prime number?
True
Suppose 0 = 3*l + 4*v - 227 - 732, -3*v = -2*l + 645. Suppose -225 = -3*t + l. Let s = t + -105. Is s a prime number?
False
Let c = -4382 + 5315. Let z(q) = -q**3 - q**2 + 3. Let r be z(0). Is c + r + (2 - 4) a composite number?
True
Suppose -866101 = -4*p + 151527. Is p composite?
False
Suppose 0 = -4*v + 4*h + 3226 + 3422, -v + 1680 = 5*h. Let s = 1396 + v. Is s composite?
False
Suppose 11*r = 7*r. Suppose r = 2*z + 426 - 1540. Is z prime?
True
Let j(r) = 1885*r - 156. Let w be j(20). Let s = w + -21361. Is s composite?
False
Suppose -2*u + 149541 = 3*j, 3*j + 17*u - 149538 = 14*u. Is j a prime number?
False
Suppose -3*c + 182 = -a, 0 = -4*a + a - 15. Suppose 40411 = 66*b - c*b. Is b a prime number?
False
Let q be (6 - -2) + -2 + -2 + 1. Let u be (-5)/(q/4) - -4. Suppose 4*t - 4*m - 1752 = u, -454 = -2*t + m + 423. Is t a composite number?
False
Suppose 23*r - 802725 = -2*r. Let m = r - 18146. Is m composite?
False
Let z be 17400*((-408)/(-10))/3. Suppose -56523 = 5*l + 3*t + z, -2*t - 293167 = 5*l. Is (2/3)/((-30)/l) a composite number?
False
Let z = 1501 + -18874. Is (-1)/(104241/z - -6) composite?
False
Let f(c) = 128*c. Let m(b) = -126*b + 1. Let z(r) = 6*f(r) + 7*m(r). Is z(-4) prime?
True
Let h(y) = -251*y - 397*y - 56 + 55*y - 343*y + 127*y. Is h(-5) composite?
False
Suppose 8 = -19*l + 21*l. Let t be 2 - 1/(3 - l). Is (-1)/(51852/(-17283) + (t - 0)) composite?
True
Let q be (14/(-21))/1*11445. Let h = -5143 - q. Is h composite?
True
Suppose 3*d = -2*n + 2*d + 168775, -3*n + 253159 = 5*d. Is -9 + n/18 + (-2)/9 prime?
True
Is (-10)/5*((-146105022)/(-12))/(-19) composite?
True
Let i(p) = 268*p - 5. Let z be i(-3). Let t = z - -1563. Suppose 0 = 4*m - 5*j - 763, 2*m - 2*j = -2*m + t. Is m a composite number?
True
Let o(w) = -1 + 37*w**2 - 6 + w + 85*w**2. Let v = -1953 + 1957. Is o(v) a prime number?
True
Let p = 2588979 - 1797536. Is p composite?
False
Let d(i) = 23732*i + 203. Is d(9) a composite number?
False
Suppose -69*p + 8457286 = -2108891. Is p prime?
True
Let z(s) = 73*s**2 + 2. Let h be z(6). Let n = 5557 - h. Is n a composite number?
False
Is (7 + (-18758)/6)*(-4)/8*267 a prime number?
False
Suppose -48*a + 43*a + 4*f = -1654695, 3*f - 661901 = -2*a. Is a prime?
True
Let w(d) = -2*d + 9. Let y be w(4). Let i(j) = 4037*j - 1. Let l be i(y). Suppose 4*s - 7816 = l. Is s a composite number?
False
Let r = 237927 + -100658. Is r a prime number?
False
Let q(o) = 340*o**2 + 4*o + 11. Let w be q(-3). Suppose 2*s + 696 = -456. Let l = w + s. Is l a composite number?
True
Suppose 2931*g - 2934*g = -15. Suppose y - 4*v = -2*v + 21003, y - g*v = 21018. Is y a prime number?
False
Suppose z - 280575 = -4*c, 86*c - 83*c - 280577 = -z. Is z a prime number?
True
Let n(y) = 2*y**2 + 90*y - 373. Is n(68) prime?
False
Suppose -6*i - 4 - 8 = 0. Let u be i - -795 - (2 - 2). Let n = u - -60. Is n prime?
True
Is (-93)/168 + (-15)/(-35) + (-24739506)/(-528) a prime number?
False
Let z be ((-10)/(-25))/(2/20). Let w be (1/(4/z))/(-1). Is (-1 + 0)/(w/797) composite?
False
Suppose 4 = f + h - 5*h, -h + 29 = f. Let s be ((-5)/15)/((-76)/f - -3). Suppose s*w = 7*w - 1165. Is w composite?
False
Let p = -80 - -99. Suppose 0 = -p*n + 12*n + 8519. Is n composite?
False
Suppose 4*h + 17*u = 14*u + 78487, -h + 4*u + 19617 = 0. Suppose h = -8*t + 10*t + 3*a, -4*a - 49110 = -5*t. Is t a composite number?
True
Let b(i) = 42149*i - 735. Is b(4) composite?
False
Let w be ((-2)/(-1))/(12/66). Suppose -w*o + 9*o = 8. Let f(i) = -14*i**3 + 2*i**2 + 3*i + 3. Is f(o) prime?
True
Is (((-1521690)/8)/(-5))/(10/((-3640)/(-39))) a composite number?
True
Let k(b) = 2*b**3 - 12*b**2 + 7*b - 16. Let s be k(12). Let x = 149 + -141. Suppose -12*z = -x*z - s. Is z composite?
False
Suppose -3*h + 6797 = 3*s - 5146, -19904 = -5*h - 4*s. Suppose h = -41*d + 45*d. Is d prime?
False
Suppose 2251813 = 3*v + 2*p, -2*v - 171060 = -2*p - 1672242. Is v composite?
False
Let v(h) = -3*h**2 + 5*h + 3. Let n be v(10). Let a = 513 + n. Let y = -63 + a. Is y prime?
False
Suppose 2834381 = -207*f + 218*f. Is f prime?
True
Let p = -2539 - -4378. Is p/2*(56/12 - 4) composite?
False
Is (25/10)/((-92)/161 - (-6479126)/11338348) composite?
False
Let b be ((-8)/10)/(1/(-5)). Let u = -97 + 186. Is (u/b)/((-4)/(-80)) a composite number?
True
Let k be 20/7*91*(-49)/(-1274). Suppose -3*l + 360 = l. Is l/36*1316/k a composite number?
True
Suppose t - 64 = -t + 2*c, -134 = -4*t - 2*c. Let y = t - 82. Is 14/y + 22922/14 prime?
True
Let n(q) = -2540*q - 1683. Is n(-76) prime?
False
Let g(i) be the third derivative of i**7/360 - i**6/144 - i**5/24 + i**4/8 + 14*i**2. Let t(f) be the second derivative of g(f). Is t(-4) prime?
True
Is -237058*(1/(-14) - (-303)/(-707)) composite?
False
Suppose 3*j + o - 242690 = 0, -j + 4*o = 8*o - 80893. Is j prime?
True
Suppose 9*k = 8*k - 12. Let o be ((-12)/5)/(k/(-90)). Is 13156/10 - 